ppose 28 = 6*c - u*c. Suppose -2*o - 5*r = -c*o + 20, 3*o - 12 = -2*r. List the prime factors of o.
2
Let d(p) = -1 - p**2 - 2*p + 0*p**2 + 7*p - 2*p**2. Let n be d(-5). What are the prime factors of 10/(-50) - n/5?
2, 5
Let q(w) = -w**2 + 7*w - 3. Let c be q(6). Let o(k) = c - k + k + 2*k - 4*k. List the prime factors of o(-4).
11
Let l(m) = 11*m**2 - 2*m + 2. What are the prime factors of l(1)?
11
Let y(b) = -b**3 + 17*b**2 - 17*b + 18. Let c be y(16). Suppose 0*p + 10 = c*p. List the prime factors of p.
5
Let t(p) = 18*p**2 + 2. What are the prime factors of t(2)?
2, 37
List the prime factors of 1/(3/8)*15.
2, 5
Let h be 50/18 + 16/72. Suppose -h*k - 1 + 7 = 0. Suppose y + 4*b - 4 = 5*y, -4*y + k*b = -2. List the prime factors of y.
2
Let p(s) = s**3 + 14*s**2 - 14*s + 37. List the prime factors of p(-15).
2, 11
Let v = 132 - 94. List the prime factors of v.
2, 19
Suppose 216 = 2*f + 4*k, 176 = 2*f - 0*f - 4*k. What are the prime factors of f?
2, 7
Let f(w) = w + 5. Let u be f(8). Let v = -8 + u. What are the prime factors of 2/5 + 23/v?
5
Let w = 16 - -5. List the prime factors of w.
3, 7
Let h(y) = y - 5. Let r(v) = 6*v - 29. Let n(d) = -34*h(d) + 6*r(d). Let g be n(-3). Let k = g - -22. What are the prime factors of k?
2, 3
Suppose 95 = 3*c - 79. Suppose -c + 13 = 5*z. Let n = -7 - z. List the prime factors of n.
2
Suppose 15 = 4*k + k. Suppose -5*g = -k*g - 20. List the prime factors of g.
2, 5
Suppose -z + 208 = 2*j + z, -4*j - 2*z = -412. What are the prime factors of j?
2, 3, 17
What are the prime factors of 1 + 64 + (1 - 5)?
61
Suppose -2*m - 8 = -3*m. Suppose -5*w + 20 = 3*p - 8*p, 3*p = -2*w - 2. Let g = p + m. List the prime factors of g.
2, 3
List the prime factors of (10 - 53)*(-2)/(-1)*-1.
2, 43
Suppose -4*v + 120 = 5*u - 0*u, -5*v + u + 179 = 0. Suppose 5*r + z = v, -5*r + 12 + 3 = -3*z. Suppose -4*p = -r - 34. What are the prime factors of p?
2, 5
Suppose -3*w - i + 7 = -13, -5 = -4*w + 3*i. Suppose -5*g = -4*t - 21, -5 = -g - w*t + 5. What are the prime factors of g?
5
Suppose 147 = 8*n - 5*n. Let c be n + -5 + 0 + 2. What are the prime factors of c/6 + 2/(-3)?
7
Suppose -5*z = 2*t - 164, 3*t = z + z + 227. What are the prime factors of t?
7, 11
Suppose 3*t - 21 = -5*x + 3*x, -3 = -x - 4*t. Suppose -2*g - g + 6 = 0. Suppose g*v = x + 21. What are the prime factors of v?
2, 3
Suppose 3*b + p = 133, 3*b - 2*p - 3*p - 127 = 0. Suppose -11 - b = -5*o. List the prime factors of o.
11
Let k = -49 - -214. List the prime factors of k.
3, 5, 11
List the prime factors of 224/6 + (-1)/3.
37
List the prime factors of 9/9*(1 + 36).
37
Suppose -21 = -2*m + 17. List the prime factors of m.
19
Let o = -16 + 154. List the prime factors of o.
2, 3, 23
Let k be (-2 - -2)/(1/(-1)). Let w = 3 + k. List the prime factors of w.
3
Suppose -4*o - 12 = 4*i, -2*i - i + 4*o - 23 = 0. List the prime factors of 35/1*(-2)/i.
2, 7
Suppose 7*k - 3*k - 36 = 0. What are the prime factors of k?
3
Suppose 5*g = 2*i - 0*i + 36, 4*g - 34 = -i. List the prime factors of g.
2
Suppose 2*l + 3*z = 45, 2*l + 2*z = -2*z + 50. Suppose -2*h + 33 = -3*r, -l + 0 = -h + r. List the prime factors of h.
2, 3
Let n = -32 - -56. List the prime factors of (-54)/n*(-3 + -1).
3
Let l be 1/(3/(-6)) - -2. Suppose l = 4*k + 150 - 10. Let u = -24 - k. List the prime factors of u.
11
Suppose -324 = -5*t + 4*s, 5*s - 5 = t - 53. List the prime factors of t.
2, 17
Suppose -20 = 4*v + 4*o - 52, -5*v + o = -28. Let j(q) = -q + 10. What are the prime factors of j(v)?
2
Let o(r) = r**3 + r**2 - r - 4. Let f be o(3). Suppose f = -5*h + 74. Let a(n) = -n**2 + 9*n + 10. What are the prime factors of a(h)?
2, 5
Suppose o - 1420 = -4*o. List the prime factors of o.
2, 71
Let x(t) = t**2 - 4*t. Suppose -o = 5*c + 8, 0*c = -5*c - 15. List the prime factors of x(o).
3, 7
Suppose 2*u + 3*r - 22 = 0, 0*u + 4*u - 2*r = 60. Suppose c - u = -0*c. List the prime factors of c.
2, 7
Let m(d) = -d**3 - 6*d**2 - 3*d + 4. Let p be m(-5). Let a = -21 - -32. List the prime factors of (a + 1)*(-2)/p.
2
Suppose v = 5*r - 28, v = 3*v + 6. Suppose 0 = -0*h - 3*h. Let j = h + r. What are the prime factors of j?
5
Let z(l) be the third derivative of l**5/30 - 7*l**4/24 + 13*l**3/6 + l**2. What are the prime factors of z(6)?
43
Let v(i) = -6*i**3 - i**2 + i + 1. Let u be v(-1). Suppose -4*z - 92 = -4*q, u*q + z - 133 = -0*z. What are the prime factors of q?
2, 13
Suppose 5*b - b - 20 = 0, 3*w = -b + 17. Suppose -w*y = y. Suppose y = -5*r + o + 59, -r - 2*o + 17 = 3*o. List the prime factors of r.
2, 3
Let p be (0 + 1)/((-2)/(-6)). Suppose -4*g = 2*q - 28, 4*q - 1 - 30 = -p*g. List the prime factors of q.
2
Suppose 2*r + 0*r = 0. Suppose r = 2*n - 3*n + 14. Suppose 5*g - 66 = n. What are the prime factors of g?
2
Let m(r) = r**2 - 2*r - 7. Suppose -z + 11 = 5*u, 5*z - 35 = u - 6*u. List the prime factors of m(z).
17
Suppose -3*m + 31 = 1. Suppose 0 = 5*i - m. What are the prime factors of i?
2
Let q(i) = -i**3 - 8*i**2 + 9*i + 8. Let c be q(-9). Let n(b) = 2*b - 3*b + 3*b. What are the prime factors of n(c)?
2
Suppose 61 = -2*l + 211. What are the prime factors of l?
3, 5
Suppose 0 = z - 5*j - 55, -2*j = 6*z - z - 410. List the prime factors of z.
2, 5
Let t(r) = -r**2 - r + 2. Let p be t(2). List the prime factors of 0 + p/((-8)/18).
3
Let y = 752 + -486. List the prime factors of y.
2, 7, 19
Let o be (0 - -7) + 0 + -2. Suppose x - 10 = 4*l + 2, -o*l = 10. Suppose 0 = 5*z - 21 - x. List the prime factors of z.
5
Let w = -7 + 9. List the prime factors of w.
2
Suppose 0*d + 4*d + 4 = 0. Let k(l) = -4*l**3 + l**2 + l. List the prime factors of k(d).
2
Suppose 2*n + 375 = 5*n. What are the prime factors of n?
5
Suppose 3*s + 2 = 8. Let r be (1 + s + -3)*-1. Suppose -4*l = -r*l - 24. List the prime factors of l.
2, 3
Let i(c) = c**2 - 2*c - 3. Let n be i(-4). Suppose 0*o - n = -3*o - 3*s, -o - 3*s + 9 = 0. List the prime factors of o.
2, 3
Suppose 0*t + 33 = -3*t. Let i(q) = -4*q - 2. List the prime factors of i(t).
2, 3, 7
Let y(u) be the second derivative of -u**3/6 + 7*u**2/2 + 2*u. Let l be y(7). Suppose -g - 3*g + 13 = 3*i, -5*i - g + 16 = l. List the prime factors of i.
3
Suppose -14 = 3*o - 5*o + k, 0 = 5*o + 5*k - 20. Let n = o - 3. Suppose -4*r - 20 = -2*d + r, 0 = -n*d - 2*r + 11. What are the prime factors of d?
5
Suppose 48*d = 43*d + 400. What are the prime factors of d?
2, 5
Suppose 10*y - 16 = 9*y. List the prime factors of y.
2
Suppose 4*k - 10 = -k. Let r be k*3/3*3. What are the prime factors of 22*(0 + 3/r)?
11
Let w = 26 + 238. List the prime factors of w.
2, 3, 11
Let k(x) be the second derivative of -x**4/12 + 5*x**3/6 - x**2 + 2*x. What are the prime factors of k(4)?
2
Let a(g) = -g + 6. Let v be a(8). Let t be (v + 1)/((-1)/5). Suppose -t*s + 4 = -0*s + 3*r, -2 = -4*s - 3*r. What are the prime factors of s?
2
Let j(t) = 6*t - 2. Suppose 4*s - 13 = 7. Let z = 8 - s. What are the prime factors of j(z)?
2
Suppose 2*h = -2*b + 16, 3*b - 2*b - 2*h - 11 = 0. Let t = -6 + b. Suppose -12 = 3*a + t*y - 57, 0 = a - y - 9. What are the prime factors of a?
2, 3
Suppose 4*n + 11 - 1 = -2*x, -5*n - 4*x = 11. Let o = n - -21. List the prime factors of o.
2, 3
What are the prime factors of 90/27*(-6)/(-10)?
2
Suppose 0*w = 5*w + 220. Let j = w + 76. List the prime factors of j.
2
Let a = 105 + -70. List the prime factors of a.
5, 7
Let x = 8 - -14. Suppose t = 2*v + x, -3*t - 2*t = v - 55. What are the prime factors of t?
2, 3
Suppose -2*a + 4*a = 316. List the prime factors of a.
2, 79
Let i(j) = j**2 + 6*j + 2. Let z be i(-4). Let y = 24 + z. Suppose -42 + y = -4*a. List the prime factors of a.
2, 3
Let r be (3 + -8)*(-3)/(-5). Let t be 3 + (24/r)/2. List the prime factors of (-5)/t*3 + 0.
3, 5
Let y be (-1)/((-7)/2 + 3). Suppose -o - c + 19 = 0, -y*o + 23 = -0*o - c. List the prime factors of o.
2, 7
Let v(y) = -5*y**3 - 4*y**2 + 2*y + 19. List the prime factors of v(-3).
2, 7
Suppose 11*t = 4*t + 161. List the prime factors of t.
23
Let t(r) = -3*r**3 - 12*r**2 - r + 7. List the prime factors of t(-5).
3, 29
Let p(i) = 32*i**3 - 1. What are the prime factors of p(1)?
31
What are the prime factors of 165 - -1 - (-3)/(-9)*-3?
167
Suppose 0 = h - m - 92, -2*m + 142 = h + 53. List the prime factors of h.
7, 13